32883883 prime?
True
Is 95540595109 prime?
True
Is 26973998117 a prime number?
False
Is 120652561 a composite number?
False
Is 132022415627 a prime number?
False
Is 203433072821 prime?
False
Is 443556739 a prime number?
False
Is 173686649 composite?
False
Is 24032303713 composite?
True
Is 51860008003 a composite number?
False
Is 279831663011 a composite number?
False
Is 86256413 a composite number?
False
Is 2651062157 a prime number?
False
Is 14289330071 a prime number?
True
Is 4021344329 prime?
False
Is 1469051287 prime?
False
Is 47010191 composite?
False
Is 22771084181 prime?
True
Is 60814993 prime?
True
Is 30696541081 a prime number?
False
Is 120197683 a composite number?
True
Is 2030693377 a composite number?
True
Is 17772228302 a composite number?
True
Is 772653071 a prime number?
True
Is 55245944753 composite?
True
Is 88900371559 a composite number?
True
Is 22666401991 a prime number?
True
Is 416715909245 composite?
True
Is 421239061 a prime number?
False
Is 3224267927 a composite number?
False
Is 3975987187 prime?
True
Is 1598851697 a prime number?
False
Is 11508972107 a composite number?
False
Is 337853669 prime?
True
Is 22234594387 a composite number?
False
Is 236616857 prime?
False
Is 4982593967 a composite number?
True
Is 32593185817 composite?
False
Is 26292426999 a composite number?
True
Is 1936086331 prime?
False
Is 457568465 composite?
True
Is 30735262381 a composite number?
False
Is 665676811 composite?
False
Is 921031949 a prime number?
False
Is 8256908447 a prime number?
True
Is 12235808887 composite?
True
Is 1114722907 prime?
True
Is 8012467261 prime?
True
Is 7301890891 a composite number?
True
Is 1595284549 a composite number?
True
Is 10695546559 prime?
True
Is 16963128673 a composite number?
False
Is 7439600771 composite?
True
Is 28391320201 composite?
False
Is 734906633 a prime number?
False
Is 7063196267 a prime number?
True
Is 18663861613 composite?
True
Is 164520949 a composite number?
True
Is 13134152435 a prime number?
False
Is 339035993 a prime number?
False
Is 191669474123 prime?
False
Is 2905206303 composite?
True
Is 25004189897 a composite number?
True
Is 22703463037 composite?
False
Is 18452203741 prime?
False
Is 10761177469 a prime number?
False
Is 164430821 composite?
True
Is 37733155078 a prime number?
False
Is 17259750691 prime?
False
Is 2158984427 a prime number?
True
Is 125033906091 composite?
True
Is 161019337 prime?
True
Is 4633572337 composite?
False
Is 480916159 a composite number?
True
Is 642142397 a composite number?
True
Is 300467777 a prime number?
True
Is 10404494927 a prime number?
True
Is 381596107 a prime number?
True
Is 72686057 a prime number?
True
Is 558909749 a composite number?
False
Is 216374807 a prime number?
False
Is 4087650409 prime?
True
Is 30314765029 composite?
False
Is 13731145 prime?
False
Is 431812057 a prime number?
False
Is 521841119 composite?
True
Is 170577787907 a prime number?
True
Is 44873548561 a prime number?
True
Is 2870065451 prime?
False
Is 603045135707 a prime number?
False
Is 8001647 prime?
True
Is 35101553 prime?
True
Is 7503820543 composite?
True
Is 56225260093 prime?
False
Is 343461893 a prime number?
True
Is 12015614521 prime?
True
Is 44987902663 a prime number?
False
Is 1479948689 prime?
False
Is 15795848399 prime?
True
Is 28664148281 composite?
False
Is 14314441501 a prime number?
False
Is 1405155049 composite?
True
Is 653232523 a composite number?
False
Is 9659847205 composite?
True
Is 66710183557 a prime number?
True
Is 1182419159 a prime number?
False
Is 362426378 composite?
True
Is 1069837819 composite?
False
Is 15285634097 prime?
False
Is 64853100383 a prime number?
False
Is 5503906351 a prime number?
True
Is 11084893685 composite?
True
Is 15846276071 composite?
True
Is 746429 a composite number?
False
Is 1114742147 prime?
True
Is 377595497 a prime number?
False
Is 137971727 a composite number?
True
Is 4352786171 composite?
True
Is 307838611 a composite number?
True
Is 39920384597 a prime number?
False
Is 5536082567 prime?
True
Is 146047061 a composite number?
True
Is 2369939501 a prime number?
True
Is 9250082663 a prime number?
True
Is 7893282457 a composite number?
False
Is 88511506159 composite?
False
Is 1910106413 prime?
True
Is 38413683307 composite?
True
Is 10104305407 a prime number?
False
Is 23428759 a composite number?
True
Is 638502979 prime?
False
Is 54572179237 a prime number?
True
Is 7991794747 a composite number?
True
Is 18170917763 a composite number?
True
Is 4439035009 composite?
False
Is 83793176461 prime?
True
Is 29786936107 a composite number?
False
Is 6322582715 prime?
False
Is 9348650933 a prime number?
True
Is 49639841197 a composite number?
False
Is 116224601 a composite number?
True
Is 162111569 prime?
False
Is 16698342829 prime?
False
Is 3017571267 a composite number?
True
Is 4648139493 a prime number?
False
Is 6997754003 prime?
True
Is 759751351 a composite number?
False
Is 247669859 composite?
True
Is 440854133 composite?
True
Is 152270380603 prime?
False
Is 239868023 composite?
True
Is 335496643 a prime number?
False
Is 5278645733 a prime number?
False
Is 38751367793 a composite number?
False
Is 539082031 a prime number?
True
Is 634979513 composite?
True
Is 2847408401 prime?
True
Is 1736976161 prime?
True
Is 31386338 a composite number?
True
Is 919119191 composite?
False
Is 9488273687 composite?
True
Is 77609818561 composite?
True
Is 15147004349 a prime number?
False
Is 3469508069 a prime number?
False
Is 254096087 a composite number?
True
Is 6738541709 a composite number?
True
Is 1227526957 a composite number?
False
Is 147183173573 a composite number?
False
Is 1467834877 a composite number?
False
Is 16028588053 composite?
True
Is 17757306299 prime?
True
Is 906971515 a prime number?
False
Is 14377651831 composite?
True
Is 17430127441 a prime number?
False
Is 30381121937 prime?
True
Is 86951257 prime?
True
Is 2969333293 prime?
True
Is 865573309 a prime number?
False
Is 3876952403 prime?
False
Is 1249345007 composite?
False
Is 6862610179 composite?
False
Is 471894901 composite?
False
Is 48321768769 a composite number?
False
Is 7166300457 composite?
True
Is 589773697 a prime number?
False
Is 19030767437 prime?
False
Is 10297781167 a prime number?
True
Is 9481997 a prime number?
False
Is 567116063 a composite number?
False
Is 61086410519 prime?
True
Is 22990699 a prime number?
True
Is 41403278701 a composite number?
True
Is 19856828989 a prime number?
False
Is 977299 a prime number?
True
Is 10234293037 composite?
True
Is 7482899717 a prime number?
False
Is 995991729 a composite number?
True
Is 167554460141 prime?
False
Is 181674091 a prime number?
True
Is 903522673 a prime number?
True
Is 3115402819 a composite number?
False
Is 3142183481 a prime number?
True
Is 779382077 a composite number?
True
Is 56840012407 a composite number?
True
Is 891808585 composite?
True
Is 632379409 a prime number?
True
Is 258389639 composite?
False
Is 920440226 a prime number?
False
Is 208688836739 composite?
True
Is 596380777 a composite number?
True
Is 2611242859 composite?
True
Is 838572489305 composite?
True
Is 2262338983 composite?
False
Is 84798624583 a prime number?
False
Is 13697731781 a prime number?
True
Is 1402174219 a composite number?
False
Is 766128487 a prime number?
True
Is 24941845139 composite?
True
Is 6649898537 prime?
True
Is 403527013 a composite number?
False
Is 1305557171 composite?
True
Is 57927494545 a composite number?
True
Is 44393263 prime?
False
Is 8329352947 a prime number?
True
Is 128143684023 prime?
False
Is 2337371 a prime number?
False
Is 9271252097 a composite number?
True
Is 12288443039 prime?
True
Is 1017799699 prime?
False
Is 9426237701 a composite number?
False
Is 119246310217 a composite number?
True
Is 5642450207 a composite number?
False
Is 212431421 prime?
False
Is 199735769 composite?
True
Is 1006179241 prime?
True
Is 24603462497 composite?
True
Is 8189422561 prime?
True
Is 5807901889 a composite number?
False
Is 1310941811 a prime number?
False
Is 34032499919 prime?
False
Is 41175254563 composite?
False
Is 13279238353 a composite number?
True
Is 284546739513 composite?
True
Is 166979369 prime?
True
Is 4803208769 prime?
False
Is 3486716831 prime?
False
Is 3538895501 a prime number?
True
Is 7010507503 a p